is the greatest common divisor of s and 575?
23
Let y = 9 + -4. Suppose w - 74 = -5*x, -22 = -4*x + x + y*w. Calculate the greatest common divisor of x and 21.
7
Let x(l) = -l**2 + 19*l + 36. Let k be x(21). Let a be (0 + k/(-4))*8. What is the highest common factor of 96 and a?
12
Suppose 0 = 318*t - 305*t - 52. Let h be ((-44)/(-6) - -1)*12. What is the highest common divisor of h and t?
4
Suppose 3*z = 0, 4*z = 4*a - z - 12. Calculate the highest common divisor of 27 and a.
3
Let f(p) = -219*p - 4109. Let x be f(-19). Let m be (2 - (-6 + 2)) + -2. What is the greatest common divisor of m and x?
4
Suppose -h - h - 4*t = -30, -5*h + 62 = -3*t. Let k = h + -11. Suppose -3*d - 3*x - x = -316, -4*x - 224 = -k*d. What is the highest common factor of d and 12?
12
Let b(f) = -f**2 - 2*f + 4. Let p = -9 - -3. Let c be b(p). Let w = -14 - c. What is the highest common factor of w and 12?
6
Let g be -7 + (0 - (-7 + 4)) - -5. Let k(o) = -o + 3. Let n be k(2). What is the highest common factor of n and g?
1
Let n be (336/2)/((-6)/15). Let m = -155 - n. Let g = m + 23. What is the greatest common factor of g and 32?
32
Suppose 4*w + 119 = -3*q + 8*q, 89 = 3*q + 2*w. Calculate the highest common factor of q and 63.
9
Suppose 3*m = -3 - 9, -m = l - 32. Calculate the highest common factor of 8 and l.
4
Let j be -10*4/(-100) - (-1873)/5. What is the greatest common divisor of 150 and j?
75
Let z = 74 + -24. Calculate the highest common divisor of z and 240.
10
Suppose 1013 = 2*a + 275. Let y = a + -204. Suppose 0 = -i - 4*i + y. Calculate the highest common factor of i and 11.
11
Let g(k) = -k**2 + 38*k - 124. Let w be g(34). Let j be (-2)/(-3)*(-27)/(-3). Let x be 20/j*30/25. What is the greatest common divisor of x and w?
4
Let k be 4612/12 - (-4)/6. Suppose 5*r - 48 = -43, 3*a - 106 = -r. Calculate the greatest common divisor of a and k.
35
Let s(y) = -2*y**2 - 6*y - 4. Let q be s(-2). Suppose 23*a - 18*a - 90 = q. What is the highest common divisor of 162 and a?
18
Let a(m) = -6*m**2 - 4*m - 10. Suppose 2*o - o = -5. Let s be a(o). Let k = s + 228. Calculate the highest common factor of k and 11.
11
Suppose 2*q = 2*f - 0*q - 16, 2*q = -f + 23. What is the greatest common factor of f and 1573?
13
Suppose 4*w + 47 = -3*g, 0*w + 5*g = w + 6. Let z = w + 21. Let m be 9/((-9)/(-52)) - (3 + -1). What is the highest common divisor of m and z?
10
Let m(z) = -1. Let v(a) = a**2 + 2*a + 1. Let n(x) = -m(x) + v(x). Let k be n(-3). What is the greatest common factor of 55 and k?
5
Suppose -5*a + 29 = -76. Calculate the greatest common factor of 35 and a.
7
Let s(c) = -c. Let m be s(4). Let n(r) = 9*r + 11. Let o(v) = v + 1. Let i(w) = -n(w) + 5*o(w). Let x be i(m). What is the highest common factor of x and 90?
10
Let l(j) = 13*j**2 - 2*j + 1. Let a be l(1). Suppose -5*k = -466 + 456. Calculate the greatest common divisor of a and k.
2
Let j = 24 - 2. Let y = 46 - j. Calculate the highest common divisor of y and 8.
8
Suppose 8*z - 463 = -127. Suppose -5*r + 13 = -17. What is the highest common factor of z and r?
6
Let a(f) = -17*f**2 - 41*f - 8. Let v(c) = 4*c**2 + 10*c + 2. Let w(b) = 6*a(b) + 26*v(b). Let j be w(-9). What is the greatest common divisor of 16 and j?
8
Let w = -2457 - -2471. What is the greatest common factor of 672 and w?
14
Suppose 20*s + 5*c = 16*s + 57, 3*s + c = 51. Suppose -7 - s = -5*y, 4*y = -l + 42. Calculate the highest common factor of l and 121.
11
Let y(a) = 3*a**2 - 32*a + 28. Let c be y(14). What is the highest common factor of 24 and c?
24
Let j be (18/(-27))/((-2)/9). Suppose 0*k = j*k - 33. Let i be 618/7 + (-2)/7. Calculate the highest common divisor of i and k.
11
Let n(d) = -4*d**3 + 6*d + 5. Let l be n(-1). Suppose -l*c + 37 = i + 10, 20 = c + 4*i. What is the greatest common factor of c and 20?
4
Let q = 64 + -60. Suppose 5*c = -25, 0 = q*d + 2*c - 229 - 221. Calculate the highest common factor of 46 and d.
23
Let m = 152 + -92. Calculate the greatest common factor of 12 and m.
12
Let c(m) = 32*m - 235. Let i be c(8). Calculate the highest common divisor of i and 12.
3
Suppose 0 = 60*k - 69*k + 1053. Let o be (-1)/(-5) + (-14)/(-5). Let v(x) = 10*x**2 - 3*x - 3. Let n be v(o). Calculate the greatest common divisor of n and k.
39
Let k(a) = 2*a + 78. Suppose 5*r + r - r = 0. Let m be k(r). What is the greatest common factor of m and 26?
26
Let x(i) = -i**3 + 2*i**2 + 4*i + 22. Let z be x(-6). What is the greatest common divisor of 52 and z?
26
Suppose -36*t - 399 = -39*t - 5*d, 0 = 2*t + 3*d - 265. Calculate the highest common factor of 64 and t.
64
Let k = -5 - -17. Let r = 2 + -2. Suppose r = 4*h - k, 0*y + h = y - 30. Calculate the greatest common factor of y and 11.
11
Let l(v) be the third derivative of v**5/15 - v**4/24 - 3*v**3/2 - 16*v**2. Let y be l(6). What is the highest common factor of 86 and y?
43
Suppose 5*i + 2*k - 453 = 0, 5*k + 425 = 3*i + 2*i. Suppose 9*q - i = 55. What is the highest common divisor of q and 64?
16
Let y(x) = -2*x + 54. Let d = 6 + -6. Let t be y(d). Suppose -5*o + 70 = -3*p - t, -o + 5*p + 38 = 0. Calculate the greatest common divisor of o and 184.
23
Suppose -4 = 13*p - 966. Calculate the highest common divisor of 407 and p.
37
Suppose 5*z = 4*x - 126, -x + 5*z = -9 - 15. What is the greatest common divisor of x and 2057?
17
Let j = 2386 + -1681. What is the highest common factor of j and 30?
15
Let k be -3 - 2 - (-7 - -2). Let o(m) = m + 153. Let v be o(k). Suppose -2*h = -i + 23, 4*i - 83 = h + 4*h. Calculate the highest common divisor of i and v.
17
Suppose w - 59 = 29. Suppose 5*i - 297 - w = 0. Calculate the greatest common divisor of 11 and i.
11
Suppose 0 = -5*h - 5*s + 16 + 9, 0 = 2*s - 2. Let p be (6 + 0)*2/h. Suppose -f - 28 = -p*f. Calculate the highest common divisor of 14 and f.
14
Suppose -4*g = l - 38, -4*g + 174 = 4*l + l. What is the highest common divisor of 34 and l?
34
Let d = 11 - -1. Let u be (4 - 0)/(d/9). What is the greatest common divisor of 2 and u?
1
Suppose -349 = -28*p + 519. What is the highest common factor of 713 and p?
31
Suppose 4*d + 3*u = -2*u + 7, -4*u + 5 = 3*d. Suppose 0 = -b - r + 152, d*b + 5*r = r + 456. Calculate the greatest common divisor of 19 and b.
19
Suppose -2*g - 3*j + 30 = 0, 4*g - j - 76 = -3*j. Let h(i) = -i**3 + 49*i + 7. Let y be h(7). Calculate the greatest common divisor of y and g.
7
Suppose 4*g = 4*r + 72, 0 = -2*g + 3*r + 23 + 13. Calculate the greatest common factor of g and 756.
18
Let d(k) = k**2 + 17. Let m be d(0). Let w(i) = 37*i + 5. Let y be w(4). What is the highest common factor of y and m?
17
Let u = -20 + 23. Suppose 15 = -0*b + u*b. What is the highest common divisor of b and 25?
5
Suppose 0 = -5*m + 3 + 17. Let s be (-24)/20*(-70)/3. Suppose -z + s = m*a - 0*z, 3*z + 4 = -a. What is the highest common factor of a and 24?
8
Let j = 2177 + -2145. Calculate the greatest common divisor of 44 and j.
4
Suppose 1 - 31 = -5*m. Suppose -482 = -m*c - 152. Calculate the highest common divisor of c and 22.
11
Let h = 518 - 375. Let l = -9 + 22. What is the highest common factor of l and h?
13
Let p = 293 - 165. Let k be 100/4 - -3 - -4. Calculate the highest common factor of p and k.
32
Let l(d) = -d**3 + 8*d**2 - 8*d + 13. Let f be l(3). What is the greatest common factor of 17 and f?
17
Let v(t) be the first derivative of -t**2 + 9*t + 3. Let j be v(0). Calculate the greatest common divisor of j and 6.
3
Let a = -1582 + 1600. Calculate the greatest common factor of a and 45.
9
Let o = -1 + 5. Suppose o*y - 12 = -4. Suppose 0*q = y*q - 32. What is the highest common factor of q and 32?
16
Suppose 1072 - 1578 = -23*y. What is the highest common divisor of 429 and y?
11
Let s(c) = 87*c**3 + 2*c**2 - 1. Let m be s(1). Let f be (-2 - -1*4) + -101. Let b be f/(-12) - 1/4. What is the greatest common divisor of b and m?
8
Let z = 38 + -35. Suppose b + 5*y = -4*b + 435, 0 = 3*y + z. Calculate the highest common divisor of b and 8.
8
Let h = -423 + 436. Calculate the highest common divisor of 1 and h.
1
Let q be (-45)/(-3)*(-10)/(-6). Let j(t) = t + 7. Let x be j(-3). Suppose 3*a + 0*m = -m + 520, -x*a = -m - 705. What is the greatest common factor of q and a?
25
Let n = 4 + -6. Let i be (n + -1)*(-5)/3. Suppose 0 = -2*d - 8, 9*d